313*c - 317*c - 2668 = 0, 4*n = -4*c + 10772. What are the prime factors of n?
2, 3, 7
Suppose -7*r = -18882 - 6080. List the prime factors of r.
2, 1783
Suppose l + 2*m + 16 = -l, 5*m = 0. Let c(r) be the first derivative of r**3/3 + 5*r**2/2 - 10*r - 18. List the prime factors of c(l).
2, 7
Suppose 7*g + 2059 - 8107 = 0. What are the prime factors of g?
2, 3
Suppose 0 = r + t + 125, -r + 50 - 183 = -t. Let s = r + 225. What are the prime factors of s?
2, 3
Suppose -5*m - 20 = 0, -4*m + m = -5*u - 273. Let g = u - -80. What are the prime factors of g?
23
Suppose 0 = 4*u - 20. Suppose u*n + 265 = -0*n. Let r = -29 - n. List the prime factors of r.
2, 3
Let y(n) = -n**3 - 8*n**2 - 5*n - 6. Let x be y(-7). Let v = 216 + x. List the prime factors of v.
2, 7
Suppose -h + 4*y + 2220 = -y, 0 = -4*h - y + 8796. List the prime factors of h.
2, 5, 11
Let c = 1271 - 879. What are the prime factors of c?
2, 7
Suppose b = -b + 1350. What are the prime factors of b?
3, 5
Let n(o) be the second derivative of o**5/4 - o**3/6 - 2*o. Let u = 0 - -1. What are the prime factors of n(u)?
2
Suppose 6*n - 2*n = 780. Suppose -2*c - 3*c + n = 0. List the prime factors of 6/c - 360/(-26).
2, 7
Let k(z) = -z - 5 - 10*z + 7. List the prime factors of k(-3).
5, 7
Let d(r) = -r**3 + 7*r**2 + r - 9. Suppose 4*m + 14 = 6*m. Let h be d(m). List the prime factors of (20/(-4))/(h/14).
5, 7
Let y(j) = -j**2 + 3*j + 18. Let p be y(6). Suppose 0 = -p*w - 7*w + 1533. List the prime factors of w.
3, 73
Suppose 4*k - 1 = 11. Suppose -3 = -m - 2*m + 2*w, -k*w - 4 = -4*m. What are the prime factors of 26/m + -7 + 4?
23
Let n = -2 + 7. Suppose 2*j - 296 = -3*u - 2*u, 0 = n*u + 3*j - 294. Suppose -2*d - d = -u. List the prime factors of d.
2, 5
Let v = 181 + -129. List the prime factors of v.
2, 13
Let g(o) = o**3 + 19*o**2 + 4*o - 9. What are the prime factors of g(-15)?
3, 277
List the prime factors of 1*(2 - 460)/(5 + -7).
229
Let s = 121 + -2. Suppose -3*c + s = 11. Suppose -5*u + c = 2*b, 2*b - 21 + 9 = u. List the prime factors of b.
2
Suppose -8*p = -11*p - 333. Let i = -22 - p. List the prime factors of i.
89
Let z(o) = -7*o - 2. Let w be z(-1). Suppose 5*b + 25 = 5*m, 4*m + m + w = -5*b. What are the prime factors of (408/18)/((-2)/b)?
2, 17
Suppose 133*b - 22958 = 120*b. List the prime factors of b.
2, 883
Suppose 9*c = 122 + 103. Suppose -2*t + c + 3 = 0. What are the prime factors of t?
2, 7
Let y(f) = -32*f + 2. Let c be y(-2). List the prime factors of (-11)/(c/(-364))*3.
2, 7, 13
Let z(k) = k**2 - 2*k + 5. Let p be z(4). Suppose 0 = -i - 5 + p. What are the prime factors of i?
2
Let m = -136 - -332. List the prime factors of (-233)/(-7) - 7/(m/8).
3, 11
Suppose 0 = n + 514 - 3239. List the prime factors of n.
5, 109
Suppose 0 = -40*n + 46*n - 630. Let s(j) = -j**3 + j + 6. Let z be s(0). Suppose z*c = -c + n. What are the prime factors of c?
3, 5
Suppose 0 = 186*t - 181*t - 4585. What are the prime factors of t?
7, 131
List the prime factors of -5 + (-35)/(-63)*21*105.
2, 5, 61
Let n be (-135)/(-30) + 1/2. Suppose 2*v = 4*b + 190, b + 89 = v + n*b. Suppose -2*z = -5*z + v. What are the prime factors of z?
31
Suppose 7201 = 21*t - 1157. What are the prime factors of t?
2, 199
Let v = -1143 + 1946. List the prime factors of v.
11, 73
Let j(q) = 5*q + 7. Let k be 114/12 + 3/(-2). List the prime factors of j(k).
47
Let x(u) be the first derivative of 1/4*u**4 + u**3 - 3*u - 3*u**2 - 3. What are the prime factors of x(-4)?
5
Suppose -p = -3*p - 4*j + 18, 5*p = -2*j + 29. What are the prime factors of (p/(-2))/((-27)/54)?
5
Suppose p + 2*p - 1485 = 0. Let m = p - 302. List the prime factors of m.
193
Let w be (-2)/(-9) - (-258)/54. Suppose 0*z - 14 = -w*s + 2*z, -12 = -4*z. Suppose -s*a = -198 - 106. What are the prime factors of a?
2, 19
Let d = -47 - -5. What are the prime factors of (444/d)/((-2)/14)?
2, 37
Let j = 231 + -80. List the prime factors of j.
151
Let f(z) = 12*z**3 - z**2 - 19*z - 6. What are the prime factors of f(5)?
2, 3, 229
Suppose -3*w = -3*j - 8619, -j + 75 = -2*w + 5826. List the prime factors of w.
2, 1439
Let y(x) = x**3 - 24*x**2 + 34*x + 79. List the prime factors of y(25).
2, 3, 7, 37
Suppose 0*m + 2*m + 8 = 0. Let i = m - -11. Let f = 23 + i. What are the prime factors of f?
2, 3, 5
Suppose 19*b + 176 = 21*b. Let m be (3/2)/(12/40). Suppose 4*r = 2*i - 48, 4*i + r - m*r = b. What are the prime factors of i?
2, 5
Let k = -2341 + 4916. What are the prime factors of k?
5, 103
Let c(k) = -60*k - 58. List the prime factors of c(-15).
2, 421
Let x = -9 + 4. Let f(a) = a**2 + 4*a. Let j be f(x). Suppose j*k = 3*k + 6. What are the prime factors of k?
3
Suppose 0 = 23*u - 2937 - 3549. What are the prime factors of u?
2, 3, 47
Let h be ((48/9)/(-8))/(2/(-24)). Suppose h*n + 2 - 18 = 0. List the prime factors of n.
2
Suppose -16*n - 16*n = -23040. What are the prime factors of n?
2, 3, 5
Suppose 3*f = 4*g + 5, -2*f = -7*f - 25. Let w(k) = -k + 3 + 0*k - 4 - 2. List the prime factors of w(g).
2
Let a(c) be the second derivative of -11*c**3/3 - 5*c**2/2 - 4*c. List the prime factors of a(-5).
3, 5, 7
List the prime factors of (-39)/(-2)*(513 + -235).
3, 13, 139
Suppose -2*b + 1031 = -8*r + 11*r, -2*b = -5*r + 1729. What are the prime factors of r?
3, 5, 23
Let p = -1863 - -2957. List the prime factors of p.
2, 547
Suppose 8*d = 3*d - 15. Let p be (-8)/d*(-33)/(-22). Suppose -3*w - 4*f - 65 = -8*w, -26 = -2*w + p*f. What are the prime factors of w?
13
Let o = -13 + 31. Let n = o + -8. List the prime factors of n.
2, 5
Let b = 4 + 3. Suppose 99 = b*n + 1. List the prime factors of n.
2, 7
Let p = -28 - -30. Suppose 106 = p*i - 0*i. Let d = i + 11. List the prime factors of d.
2
Let x = 1441 - -29. What are the prime factors of x?
2, 3, 5, 7
Let f(x) = -x**3 + 10*x + 16*x**2 + 8*x - 4 + x. Let i(v) = -v**2 + 9*v - 1. Let k be i(6). List the prime factors of f(k).
2, 3, 5
Suppose 0 = 3*x + 2*z - 262 - 956, -3*x - z = -1215. What are the prime factors of x?
2, 101
Let c = 11 + -4. What are the prime factors of (c - -1)*(-30)/(-5)?
2, 3
Let u(x) = x**3 + 4*x**2 - 3*x - 2. Let o be u(-4). Let z(i) = -i + 15. Let p be z(o). Let b(d) = 5*d + 10. What are the prime factors of b(p)?
5, 7
Let d(z) = -z**3 + 60*z**2 + 5*z + 45. List the prime factors of d(60).
3, 5, 23
Suppose 5*i = -3*l + 1526, -i = i + 2*l - 608. List the prime factors of i.
307
Let p = 4628 - 3063. List the prime factors of p.
5, 313
Let d = 783 + -531. List the prime factors of d.
2, 3, 7
Let u = -319 - -1440. What are the prime factors of u?
19, 59
Let c = -32 - -29. What are the prime factors of (-2 - (-3)/c) + 9?
2, 3
Suppose 407*h - 20892 = 395*h. What are the prime factors of h?
1741
Let t(k) = -k**2 - 12*k - 7. What are the prime factors of t(-8)?
5
Let y(w) = 16*w + 5. Let z be y(-7). Let n = 26 - z. List the prime factors of n.
7, 19
Suppose -2*w - 4*p + 4871 = p, 2*p = 2*w - 4864. List the prime factors of w.
3, 811
Suppose -3*u + 257 - 23 = 0. Suppose -u = 2*n + n. Let p = -20 - n. What are the prime factors of p?
2, 3
Let m(o) = 366*o**3 + 3*o**2 - 1. List the prime factors of m(1).
2, 23
Let z be 5*18/15 + -12 - -8. Let j = -8 - -33. Suppose 5*c - 119 = 2*m, -c + z*c - m = j. What are the prime factors of c?
23
Let q(n) = -n**2 + 21*n + 1. List the prime factors of q(5).
3
Let a(w) = 3*w + 23. Let j be a(-7). List the prime factors of 8 + -10 + 72/j.
2, 17
Let k(m) = -m + 7. Let j be k(-6). Let h = j + -11. Suppose -3*y = -55 - h. What are the prime factors of y?
19
Let d(v) = v**2 - 12*v - 18. Let f be 1/(8/162) + 1/(-4). What are the prime factors of d(f)?
2, 71
Suppose -2*p = -5*s - 307 - 568, 5*p - 5*s - 2150 = 0. List the prime factors of p.
5, 17
Let b = 3333 + -937. List the prime factors of b.
2, 599
Suppose -4*s + 6921 + 1895 = 0. List the prime factors of s.
2, 19, 29
Let k = 30 + -8. Suppose -2*s - 5*z = -41 - 3, k = s - 4*z. Let i = s + -16. List the prime factors of i.
2, 3
Suppose 1372 = 130*x - 126*x. List the prime factors of x.
7
Suppose -3*i + 15 = -0. Suppose 4*k + 5*y - 313 - 98 = 0, -y = -i*k + 521. List the prime factors of k.
2, 13
Let g(r) = 2*r**2 + r + 2. Let k be g(-1). Suppose -2*t = -k*o - 53, 4*t - 3*t - 29 = o. List the prime factors of t.
2, 17
Suppose 80